at is the highest common factor of a and 18?
18
Suppose 15 = v + 5*y, 2*y = v + 6*y - 14. Suppose 2*p + 2*p - 648 = 0. Let d be 2/(-4) - p/(-4). What is the greatest common divisor of v and d?
10
Let p be -1 + -1 + 1 + 0. Let h be p/(1/3) - -6. Suppose 60 = -0*s + h*s. Calculate the highest common factor of 5 and s.
5
Suppose 5*k - 5*o - 60 = 0, -5*k + k + 42 = -2*o. Let i be (11/4 + 1)*8. Suppose -i = -5*r + 15. What is the highest common factor of r and k?
9
Suppose -5*w - 76 - 54 = 0. Let l = -15 - w. Calculate the greatest common factor of 99 and l.
11
Let t(k) = 17*k + 86. Let w be t(-5). Let j be (-1 + (-1 - -3))*3. Calculate the highest common factor of j and w.
1
Suppose -900 - 160 = -5*h. Let f = h - 140. What is the highest common divisor of f and 8?
8
Let n(z) = z**2 - 4*z. Let i be n(5). Let d be 5/(5 + (-72)/15). What is the greatest common divisor of i and d?
5
Let w(u) = -u - 1. Let c be w(-2). Suppose c = 3*g - 29. Calculate the highest common factor of g and 90.
10
Let q = -5 + 86. Calculate the greatest common factor of q and 18.
9
Let p be -21*(0 - (-3)/(-9)). What is the greatest common factor of p and 7?
7
Suppose -132 = 3*j - j. Let x be 6/(-4)*j/9. Let z(v) = v**2 - 6*v + 6. Let q be z(5). What is the greatest common divisor of q and x?
1
Let f be (-3 - -7)*(-7)/(-4). What is the highest common divisor of f and 21?
7
Suppose 3*n - 3 = 2*f, f - 3*n = 2*n - 12. Suppose 0 = y + 2*w - 1, -3*w - f = y - 0*w. What is the highest common factor of y and 99?
9
Let w(z) = 2*z**2 + 6*z - 4. Let h be w(-6). Let a be 6/8 + 39/12. What is the greatest common factor of h and a?
4
Let s(r) = -r**3 + 4*r**2 + 6*r - 1. Let y be s(5). Suppose 0 = 5*c - 102 - 3. Suppose 0 = 5*m - c + 1. What is the highest common divisor of y and m?
4
Suppose -2*y = m + 8, 3*m - 3*y - y = 26. Calculate the greatest common factor of m and 10.
2
Let w(r) = -10*r + 32. Let f be w(-10). Calculate the greatest common factor of f and 33.
33
Suppose 2*y - 5 = y. Suppose -y*z + 160 = -3*z. What is the greatest common factor of z and 10?
10
Suppose -b - 16 = -2*b + 3*u, 2*b - 4*u = 26. What is the highest common factor of 56 and b?
7
Let c = 27 - 7. Calculate the greatest common factor of c and 50.
10
Let a be ((-9)/(-2))/((-3)/(-64)). Let q = 4 + -4. Let b be (q + 24)*(-2)/(-4). What is the highest common factor of b and a?
12
Let n(q) = q**2 + 8*q - 8. Let t be n(-8). Let h be (t/6)/((-3)/(-72)). Let o = -23 - h. What is the highest common factor of o and 99?
9
Suppose 6*x - 276 = 2*x. Suppose -26 - 112 = -6*p. What is the highest common factor of x and p?
23
Let f = 17 - 4. Let d(g) = g - 2. Let b be d(2). Suppose b = 4*k - f - 43. What is the highest common divisor of k and 126?
14
Let s = -195 - -201. Calculate the highest common factor of 12 and s.
6
Let k = -9 + 4. Let a be k/(-3) + (-3)/(-9). Let w be (-9)/a*(-30)/9. What is the highest common divisor of 105 and w?
15
Suppose -3*h = -3*t + 96, t + 4*h = 6 + 6. Calculate the greatest common divisor of t and 252.
28
Let n(w) = -w + 3. Let q be n(4). Let o be 46 - (q - (-8)/(-4)). Calculate the highest common divisor of 7 and o.
7
Suppose 2*c - 5*c = -33. Let t = -273 - -350. Calculate the highest common divisor of c and t.
11
Let w be (1 - -4) + (-3)/1. Suppose -w*k = -3*k - d + 101, 3*d = -k + 93. Let b = 7 - -8. What is the highest common divisor of b and k?
15
Let s be (10/3)/(1/66). Let n(f) = 2*f**2 + f - 1. Let t be n(3). Calculate the highest common factor of t and s.
20
Suppose -6*v + 4*j + 37 = -v, -9 = 3*j. What is the highest common divisor of 95 and v?
5
Let b = 5 - -21. What is the highest common divisor of 65 and b?
13
Let w = -69 - -119. Let v(t) = -t**2 + 2*t + 5. Let a be v(0). What is the highest common factor of w and a?
5
Let x = 1 + 3. Suppose -2*l + x*l = 12. Calculate the greatest common divisor of 12 and l.
6
Let j be 1/(-3)*(-3 - 0). Let c be -1 - (-1)/j - -23. What is the greatest common divisor of c and 184?
23
Let b = -41 + 19. Let d be (b/(-6))/(4/(-12)). Let q = 17 + d. What is the greatest common divisor of q and 6?
6
Let z be -5 - (1 + 0/(-2)). Let j = 34 - z. Suppose -2*a + 32 = -0*a. What is the highest common divisor of j and a?
8
Suppose 59 + 7 = 3*f. Let h be (3 + 0)*(-4)/(-6). Calculate the highest common divisor of h and f.
2
Suppose 400 = 3*j + 5*k, 0*k - 271 = -2*j + k. What is the highest common divisor of 15 and j?
15
Suppose -l + 54 = l. Suppose -3*x = -x + 2*f - 40, 0 = 3*f - 6. What is the highest common factor of l and x?
9
Suppose 2*p + p = 60. What is the greatest common factor of 5 and p?
5
Suppose 5*l + 5*z + 1 - 16 = 0, -5*l + 42 = -4*z. Let p be l/9 - 142/(-3). Calculate the greatest common divisor of 16 and p.
16
Let z(i) = -i**3 + 9. Let t be z(0). Let h be 148/18 - 2/t. What is the greatest common divisor of h and 8?
8
Let o be (-6)/(-8) + (-3)/4. Let z be -2 - (o - 11 - 0). What is the greatest common factor of 27 and z?
9
Suppose -4*d + 17 - 5 = 0. Calculate the highest common factor of 12 and d.
3
Let u(l) = -2*l - 2. Let d be u(-2). Suppose -5*n = -3*o - 36, -5*o + 60 = d*n + 3*n. What is the highest common divisor of 36 and n?
9
Suppose 0 = 5*b + 5*s - 0*s - 15, 2*s = -10. What is the highest common divisor of 20 and b?
4
Let i = 1 - 1. Suppose 28 = y - 2*j + 2, -2*y + j + 58 = i. Calculate the highest common divisor of y and 20.
10
Let x(o) = o**2 - 10*o - 7. Let q be x(15). Calculate the highest common divisor of 102 and q.
34
Suppose 2*r + c - 7 = 0, -4*r + 2*c - 2 = -6*r. Calculate the greatest common factor of r and 6.
6
Suppose 0 = -z - 10 - 18. Let n = z + 83. Suppose -4*o = o - n. What is the greatest common divisor of o and 77?
11
Suppose -b - 30 = -3*b. Suppose 3*u - b = 21. Let j(y) = 2*y**2 - 2*y - 12. Let f be j(-8). Calculate the highest common divisor of f and u.
12
Suppose -u = 3*k - 43, -2*u = 2*k - 0*u - 22. What is the highest common divisor of 128 and k?
16
Suppose 3*n - 21 = 3. What is the greatest common divisor of 88 and n?
8
Let v = 1 - -3. Suppose v*l + 26 = 8*l + 5*j, 0 = -3*l + 2*j + 31. What is the highest common factor of l and 36?
9
Let a(d) = d - 1. Let p be a(1). Suppose p = -4*t, -t - 9 = -h + 15. What is the highest common factor of h and 24?
24
Suppose -3*p - p = -m - 356, 3*m - 267 = -3*p. Let d = -41 + p. Calculate the greatest common factor of 24 and d.
24
Let c(x) = -3*x + 18. Let g be c(-11). Calculate the greatest common divisor of 17 and g.
17
Let k(y) = y**2 + 21. Let d be 1/4 - (-2)/(-8). Let i be k(d). Suppose 3*q + 6 - i = 0. What is the highest common divisor of q and 45?
5
Suppose -28 = 4*i + 4*x, 20 = -3*x - 2*x. Let c = i + 6. What is the greatest common factor of c and 2?
1
Let m(v) = -v**3 + 6*v**2 + 7*v + 9. Let f be m(7). Suppose -2*t + 5*t = -4*z + f, -2*t - 2*z + 6 = 0. Calculate the highest common divisor of 2 and t.
1
Let k(j) = j - 4. Let g be k(7). Suppose -2*r + 39 = g*o - 5, -3*o + 41 = -r. Calculate the highest common divisor of o and 14.
14
Suppose -5*u + 28 = -u. What is the highest common factor of u and 14?
7
Let s = 7 + -6. What is the highest common factor of 8 and s?
1
Let s be (5 + -1)/(1/6). Suppose -a + 17 = -t + 4*t, -s = -a + 4*t. Calculate the greatest common divisor of 10 and a.
10
Suppose 4*y - 27 + 5 = -5*k, y - 12 = 2*k. Let h(w) = 0*w + 3*w - 11 - w. Let a be h(y). Calculate the greatest common divisor of 1 and a.
1
Let b be (-482)/(-12) + (-1)/6. Calculate the greatest common factor of b and 8.
8
Let c be ((-2)/4)/(7/(-182)). What is the greatest common divisor of 65 and c?
13
Suppose 9*i - 14*i + 40 = 0. Let l = 136 - 218. Let t be l/(-5) + 2/(-5). What is the greatest common factor of i and t?
8
Let b be (-1 - 2)*(-4 + 0). Calculate the greatest common divisor of 96 and b.
12
Let m be 52/3*18/12. Calculate the greatest common divisor of m and 65.
13
Suppose 2*n + 10 = 110. Let j = -30 + n. Calculate the greatest common factor of 180 and j.
20
Let v(i) = 2*i**2 - 3*i. Let o be v(2). Suppose o*w + w = 228. Calculate the highest common factor of w and 19.
19
Let q(r) = 2*r**2 + 5*r + 7. Let p be q(-5). Suppose -4*b + 264 - 72 = 0. Calculate the highest common factor of b and p.
16
Let h(c) = -4*c. Let n be h(-7). Let u(v) = v**2 - 8*v + 4. Let b be u(8). Calculate t